- 11*j - 1. Let s be v(-14). Let q = -75 - s. Let d = 0 - q. What is the tens digit of d?
3
Suppose 0 = 4*m + 8, 2*s + 9*m = 4*m + 650. What is the units digit of s?
0
Let u(x) = -10*x + 131. What is the tens digit of u(-23)?
6
What is the tens digit of 336 - (-11 + 2)/(-3)?
3
What is the units digit of (-80)/(-12) + -6 + 1610/6?
9
Let n be 7/2 - (-3)/6. Suppose 0 = n*j + 16, -6*j = 5*k - j - 255. What is the tens digit of k?
5
What is the units digit of (-10)/35*-1673 + 1*-1?
7
Suppose 19*x - 16*x - 2418 = 0. What is the units digit of x?
6
What is the units digit of (1/3)/(40988/3726 - 11)?
1
Let p(s) = -4*s + s + 0*s**2 + s**2 + 2*s. Let m be p(0). Suppose -3*k + 30 = 2*h - m*h, 15 = 2*k + 3*h. What is the units digit of k?
2
Let r be 1 + 2 + -1 + 18. Suppose 3*z = -2*z + r. What is the units digit of z + -4 + (3 - -5)?
8
Suppose 3*g + 5*r = -571, 5*g - 6*g - r - 189 = 0. Let s = g - -325. What is the hundreds digit of s?
1
Let t be ((-12)/16)/((-4)/(-560)). Let i = -50 - t. What is the tens digit of i?
5
Let t be (-342)/(-95) - 6/10. Suppose -t*q = -13*q + 2070. What is the hundreds digit of q?
2
Suppose 3*n = 1663 + 197. Suppose 5*i = 4*q - 496, -5*q = 6*i - 4*i - n. What is the units digit of q?
4
Let k(j) = 19*j + 5. Let p be (-8)/(-3 + 7)*-4. Let i be k(p). Suppose 0 = 7*n - 347 - i. What is the tens digit of n?
7
Let r(v) = v**2 + 10*v - 12. Let b be (3 - 3/(-9))*-3. Let p be r(b). Let g = 16 + p. What is the units digit of g?
4
Suppose -4*n - 32 = 2*u + 2*u, -2*u - 2 = 0. Let p be (n/(-14))/((-1)/(-2)). Let k = 7 + p. What is the units digit of k?
8
Let j(p) = -p**3 - 5*p**2 + 2. Let u be j(-5). Suppose -h = 4*b + 28, -6*b + 20 = -2*h - u*b. What is the tens digit of 7 + -4 - h/1?
1
Suppose 6 = 3*m + 45. Suppose 4*x - 114 = 22. Let v = x + m. What is the tens digit of v?
2
Let i = -6353 - -10162. What is the units digit of i?
9
Suppose r - 2 = 0, 420 + 125 = -5*k - 5*r. Let m = -25 - k. What is the units digit of m?
6
Suppose -5*s + 6 + 13 = 4*d, 0 = -4*d + 5*s - 11. What is the tens digit of 34 - (-36)/6 - -1*d?
4
Let q(k) = -k**3 + 4*k**2 + k - 3. Let m be q(4). Let c be (14 - -2) + 0 - m. What is the units digit of c*(-1 - (-7)/5)?
6
Let j(i) = 2*i**2 - 9*i + 13. Let f be -1 + 3/(-3) + 7. Let o(v) = v**2 - 4*v + 6. Let t(s) = f*o(s) - 3*j(s). What is the units digit of t(5)?
1
Suppose 2*o + v = -0*o + 1017, 0 = 4*o + 3*v - 2037. What is the hundreds digit of o?
5
Suppose 5*p - 3*h = 2920, -6*p + 10*p - 3*h - 2339 = 0. What is the tens digit of p?
8
Let w(l) = -52*l**3 + l + 1. Suppose -a = 5*k - 14, -4*a - 7 = -2*k + 3. What is the units digit of w(a)?
2
Let w = -139 - -811. What is the units digit of w?
2
Let w(c) = c**2 + 32*c - 34. What is the hundreds digit of w(29)?
7
Let o = 1059 + -632. What is the units digit of o?
7
Suppose 9*h + 1584 = 13*h. Suppose h = 4*i - 192. What is the tens digit of i?
4
Suppose -4*j - 3*z - 9 = -2*j, -2 = 2*j - 4*z. Let i be -1*j/(9/24). Suppose 3*w + 1 = -i, 2*s = -3*w + 67. What is the units digit of s?
8
Suppose -3*y - 2*m + 11865 = 0, 11865 = -y + 4*y + m. What is the thousands digit of y?
3
Let n = 241 + 567. Suppose 10*t = 512 + n. What is the units digit of t?
2
Suppose -8*g = -27 + 11. Suppose -g*r + 44 = -4*i - 18, -3*r = -4*i - 87. Let f = 17 + r. What is the tens digit of f?
4
Suppose 5*h - 1701 = 1054. What is the tens digit of h?
5
Suppose 0 = 3*q + 246 - 2136. What is the units digit of q?
0
Suppose 3*o + 5*l = 12910, -2*o + 5615 + 3000 = 5*l. What is the tens digit of o?
9
Let n be 3*(-1)/(-3) - -19. What is the tens digit of 528/n + (-3)/(-5)?
2
Let w(h) = 11*h**2 - 25*h + 177. What is the units digit of w(7)?
1
Let c be (-1)/(3/(-138)*2). Suppose -c = -4*d - 3. Suppose 4*o + 3*j - d*j = 30, 5*o - 5*j = 30. What is the units digit of o?
9
Let i(m) = 5*m**3 - 5*m**3 - 5*m - 2 + m**3 + 3*m**2. Let a be i(-4). What is the units digit of a + -2 + 4 + -2?
2
Let b(u) = -6*u - 5. Let n be b(-8). Suppose -3*l = -4*t - n - 21, -l - 4*t + 32 = 0. What is the tens digit of l?
2
Let s(p) = -18*p + 6. What is the tens digit of s(-14)?
5
Let r be -7*(-1 + 1 + -2). Suppose -6 - r = 2*k. Let m = k - -18. What is the units digit of m?
8
What is the tens digit of (157*-1)/(29/(-29))?
5
Suppose 0 = -i - 5*j + 28, 5*i = 4*j + 11 + 13. Let w(g) = -g**3 + i + 1 - 2 + 5*g + 4*g**2. What is the units digit of w(5)?
7
Let z(d) = -d**2 - 4*d + 7. Let u = 11 - 16. Let v be z(u). Suppose -3*h = v*x - 19, -3*h + 28 = -2*h + 5*x. What is the units digit of h?
3
Suppose 38*n - 31*n - 4935 = 0. What is the units digit of n?
5
What is the hundreds digit of (-12840)/(-26) + (-16)/(-104)?
4
Suppose -4*h + 22 = 10. Suppose -4*o + 6*x + 104 = 2*x, h*o - 4*x = 76. What is the units digit of o?
8
Suppose 14*l - 1400 = 4*l. What is the tens digit of l?
4
Let v be (-1 + 0)*(11 + -108). Suppose 2*j = q - v, 3*q + 2*q - 530 = j. What is the hundreds digit of q?
1
Suppose -9 + 5 = -y. Suppose 5*p + y = 99. Suppose 0 = -2*n + p + 3. What is the units digit of n?
1
Let i(y) = 2*y**3 - 17*y**2 + 24*y - 78. What is the thousands digit of i(12)?
1
Let p(r) = 240*r + 32. What is the tens digit of p(2)?
1
Suppose 7*u - 5*u = 82. Let h = u + -68. Let s = 28 + h. What is the units digit of s?
1
Let b be ((-5)/((-10)/4))/((-5)/(-20)). Suppose -2*o = -b, 2*r - 8*o - 14 = -3*o. What is the tens digit of r?
1
Let i = -102 + 119. What is the units digit of i?
7
Suppose 4*k + 8 = 8*k. Suppose k*f - f - 112 = 0. What is the tens digit of f?
1
What is the tens digit of -9910*(581/(-70) - -8)?
7
Suppose 0 = 5*s + 5*r - 5815, 13*s = 12*s + 4*r + 1148. What is the thousands digit of s?
1
Suppose 1732 - 612 = 7*n. Let p = -7 + n. What is the tens digit of p?
5
Let d(o) = 39*o**2 - 3*o + 3. Let m be d(1). Suppose m + 63 = 3*w. What is the units digit of w?
4
Suppose 0 = p + 2, 5*p - 3755 = -3*u - 1434. What is the tens digit of u?
7
Suppose -3*h - 177 = r - 5*r, -5*r + 2*h = -223. Let i be (-4)/18 + 235/r. Suppose 15 = i*c, 2*b - 4*c = 40 - 4. What is the tens digit of b?
2
Let f(u) = -u**3 - 13*u**2 - u - 6. Let n be f(-13). Suppose 3*s - 4*s - n = 2*b, 3*b + 9 = -3*s. What is the units digit of s?
1
Let h(s) = 53*s**2 + 3*s + 4. Let y be h(-2). Suppose 5*u = -c - 3*c + y, 0 = -2*u - c + 87. What is the tens digit of u?
4
What is the thousands digit of 22827/15 - (3 + (-66)/30)?
1
Let n(s) = s**2 - 6*s + 14. What is the units digit of n(8)?
0
What is the hundreds digit of -2*(-6181)/6 + (-166)/498?
0
Let z(c) = -3*c**3 - 5*c**2 + 2*c + 3. Let w be z(3). Let d = w + 173. What is the units digit of d?
6
Suppose 4 = -5*q - 6, -t + q = -6. Suppose -5*r = -31 - 69. Suppose -3*d + 38 = -5*k + 163, -t*d = -r. What is the units digit of k?
8
Let h = 1178 - -468. What is the tens digit of h?
4
Suppose -b + 986 = 3*w, -3*w = -3*b - 140 - 838. What is the tens digit of w?
2
Let r = -413 + 1561. What is the units digit of r?
8
Let v(m) = -m**3 + 11*m**2 - 2*m + 51. What is the tens digit of v(6)?
1
What is the hundreds digit of (9/(-4))/((-50)/16600)?
7
Let x(r) = 21*r - 32. What is the units digit of x(6)?
4
Let s(q) = 2*q**2 - 10*q - 18. Let b be s(-3). Suppose b = 8*m - 3*m. What is the units digit of m?
6
Suppose -m - h + 117 = 0, 3*m = -5*h + h + 355. What is the tens digit of m?
1
What is the thousands digit of (-47634)/(-21) - 7*20/490?
2
Let v = -20 + 28. Suppose v*q = 4*q + 384. What is the units digit of q?
6
Let p be -4*((-21)/(-4))/(-7). Suppose -2 = -4*v - 2*l, 3*v - 7*v + p*l + 27 = 0. Let c = 5 - v. What is the units digit of c?
2
Suppose -49*q = -45*q - 16. Suppose 7*k + 239 = 8*k + q*f, 211 = k - 3*f. What is the hundreds digit of k?
2
Let k(t) = 8*t + 49. Let x(m) = 2*m + 12. Let u(d) = 2*d + 12. Let n(a) = 6*u(a) - 5*x(a). Let b(y) = 4*k(y) - 18*n(y). What is the units digit of b(-11)?
4
Let n(l) = l + 4. Let i be n(2). Let r = 8 - i. Suppose -r*p = 3*p - 150. What is the units digit of p?
0
Suppose t + 3*t - 12 = 0. Suppose l - n + 24 = t*l, -3*l + n + 46 = 0. What is the tens digit of l?
1
Suppose 5*v = i - 14, -3*i - 7 = 2*v - 2*i. Let h(r) = r**2 - 4. Let x be h(v). Suppose 0 = -3*p - x*j + 61, 3*p = 4*p + 3*j - 23. What is the tens digit of p?
1
Let o = 4966 - 3521. What is the thousands digit of o?
1
Let j(b) = 20*b - 8. Let z